hat is the tens digit of 21039?
3
What is the thousands digit of 42497?
2
What is the units digit of 2456?
6
What is the units digit of 22607?
7
What is the tens digit of 95629?
2
What is the ten thousands digit of 96103?
9
What is the tens digit of 2589?
8
What is the hundreds digit of 543?
5
What is the units digit of 3437?
7
What is the ten thousands digit of 90440?
9
What is the units digit of 253?
3
What is the thousands digit of 2811?
2
What is the tens digit of 57?
5
What is the tens digit of 4926?
2
What is the units digit of 1000?
0
What is the tens digit of 536?
3
What is the hundreds digit of 5766?
7
What is the thousands digit of 28195?
8
What is the units digit of 24375?
5
What is the thousands digit of 2481?
2
What is the units digit of 4451?
1
What is the tens digit of 612?
1
What is the thousands digit of 1830?
1
What is the units digit of 4826?
6
What is the thousands digit of 50029?
0
What is the thousands digit of 44735?
4
What is the hundreds digit of 9668?
6
What is the thousands digit of 10910?
0
What is the thousands digit of 47899?
7
What is the units digit of 3249?
9
What is the tens digit of 633?
3
What is the hundreds digit of 14183?
1
What is the units digit of 1275?
5
What is the hundreds digit of 4446?
4
What is the units digit of 4389?
9
What is the units digit of 1982?
2
What is the units digit of 894?
4
What is the tens digit of 113715?
1
What is the thousands digit of 7635?
7
What is the tens digit of 7509?
0
What is the hundreds digit of 35197?
1
What is the tens digit of 504?
0
What is the ten thousands digit of 33410?
3
What is the hundreds digit of 11560?
5
What is the thousands digit of 170915?
0
What is the tens digit of 21417?
1
What is the tens digit of 241?
4
What is the hundreds digit of 188?
1
What is the units digit of 20569?
9
What is the units digit of 30586?
6
What is the units digit of 31862?
2
What is the tens digit of 864?
6
What is the thousands digit of 33782?
3
What is the units digit of 117577?
7
What is the units digit of 626?
6
What is the tens digit of 9569?
6
What is the tens digit of 1693?
9
What is the thousands digit of 4389?
4
What is the ten thousands digit of 26224?
2
What is the thousands digit of 9812?
9
What is the hundreds digit of 1486?
4
What is the units digit of 180?
0
What is the units digit of 26635?
5
What is the tens digit of 2892?
9
What is the hundreds digit of 633?
6
What is the thousands digit of 8238?
8
What is the tens digit of 28267?
6
What is the hundreds digit of 3488?
4
What is the ten thousands digit of 59156?
5
What is the hundreds digit of 47180?
1
What is the units digit of 9282?
2
What is the units digit of 9904?
4
What is the ten thousands digit of 26260?
2
What is the units digit of 508?
8
What is the units digit of 1401?
1
What is the units digit of 418?
8
What is the units digit of 10077?
7
What is the hundreds digit of 7560?
5
What is the tens digit of 6369?
6
What is the hundreds digit of 3833?
8
What is the tens digit of 806?
0
What is the hundreds digit of 2682?
6
What is the tens digit of 26357?
5
What is the thousands digit of 11364?
1
What is the hundreds digit of 32159?
1
What is the tens digit of 5807?
0
What is the units digit of 6724?
4
What is the units digit of 6870?
0
What is the tens digit of 58396?
9
What is the hundreds digit of 799?
7
What is the hundreds digit of 2943?
9
What is the tens digit of 2440?
4
What is the hundreds digit of 40830?
8
What is the thousands digit of 74241?
4
What is the ten thousands digit of 64802?
6
What is the hundreds digit of 4697?
6
What is the units digit of 13201?
1
What is the tens digit of 401?
0
What is the units digit of 1686?
6
What is the tens digit of 1279?
7
What is the units digit of 30651?
1
What is the hundreds digit of 24087?
0
What is the hundreds digit of 2688?
6
What is the thousands digit of 27416?
7
What is the thousands digit of 20475?
0
What is the units digit of 541?
1
What is the thousands digit of 35840?
5
What is the tens digit of 10912?
1
What is the hundreds digit of 21117?
1
What is the hundreds digit of 71206?
2
What is the hundreds digit of 10744?
7
What is the ten thousands digit of 15482?
1
What is the thousands digit of 3247?
3
What is the hundreds digit of 1624?
6
What is the tens digit of 841?
4
What is the thousands digit of 116671?
6
What is the tens digit of 76?
7
What is the ten thousands digit of 28445?
2
What is the hundreds digit of 1426?
4
What is the units digit of 1057?
7
What is the ten thousands digit of 139818?
3
What is the tens digit of 3908?
0
What is the hundreds digit of 4003?
0
What is the tens digit of 12182?
8
What is the tens digit of 3339?
3
What is the units digit of 8568?
8
What is the thousands digit of 43828?
3
What is the hundreds digit of 57507?
5
What is the hundreds digit of 12510?
5
What is the tens digit of 36?
3
What is the units digit of 250?
0
What is the hundreds digit of 88805?
8
What is the units digit of 13?
3
What is the ten thousands digit of 10371?
1
What is the tens digit of 3575?
7
What is the hundreds digit of 556?
5
What is the hundreds digit of 5315?
3
What is the tens digit of 6394?
9
What is the thousands digit of 10822?
0
What is the hundreds digit of 1930?
9
What is the hundreds digit of 360?
3
What is the tens digit of 1302?
0
What is the units digit of 90967?
7
What is the units digit of 53642?
2
What is the thousands digit of 49814?
9
What is the ten thousands digit of 14226?
1
What is the hundreds digit of 842?
8
What is the thousands digit of 98502?
8
What is the tens digit of 1066?
6
What is the hundreds digit of 26619?
6
What is the hundred thousands digit of 150919?
1
What is the tens digit of 7464?
6
What is the ten thousands digit of 49331?
4
What is the units digit of 1146?
6
What is the tens digit of 3208?
0
What is the units digit of 23946?
6
What is the ten thousands digit of 24852?
2
What is the tens digit of 59932?
3
What is the thousands digit of 6017?
6
What is the thousands digit of 20638?
0
What is the units digit of 46?
6
What is the units digit of 2982?
2
What is the hundreds digit of 16576?
5
What is the hundreds digit of 596?
5
What is the units digit of 4335?
5
What is the tens digit of 743?
4
What is the units digit of 128?
8
What is the units digit of 22653?
3
What is the thousands digit of 109948?
9
What is the units digit of 8?
8
What is the units digit of 4755?
5
What is the tens digit of 51635?
3
What is the hundreds digit of 4563?
5
What is the tens digit of 28088?
8
What is the thousands digit of 3679?
3
What is the hundreds digit of 44621?
6
What is the hundreds digit of 5343?
3
What is the hundreds digit of 4399?
3
What is the tens digit of 420?
2
What is the hundreds digit of 2090?
0
What is the tens digit of 6856?
5
What is the tens digit of 2214?
1
What is the tens digit of 17584?
8
What is the units digit of 5927?
7
What is the tens digit of 3731?
3
What is the thousands digit of 1562?
1
What is the tens digit of 8973?
7
What is the hundreds digit of 74826?
8
What is the hundreds digit of 13401?
4
What is the tens digit of 4202?
0
What is the units digit of 1438?
8
What is the ten thousands digit of 20813?
2
What is the hundreds digit of 7807?
8
What is the thousands digit of 87011?
7
What is the hundreds digit of 12801?
8
What is the tens digit of 1374?
7
What is the hundreds digit of 6434?
4
What is the units digit of 30?
0
What is the units digit of 2933?
3
What is the tens digit of 3240?
4
What is the units digit of 61431?
1
What is the thousands digit of 33614?
3
What is the units digit of 927?
7
What is the hundreds digit of 57229?
2
What is the units digit of 20363?
3
What is the tens digit of 7772?
7
What is the tens digit of 30949?
4
What is the hundreds digit of 853?
8
What is the ten thousands digit of 67431?
6
What is the thousands digit of 1440?
1
What is the tens digit of 500?
0
What is the tens digit of 685?
8
What is the hundreds digit of 646?
6
What is the units digit of 323?
3
What is the tens digit of 148?
4
What is the tens digit of 730?
3
What is the tens digit of 8562?
6
What is the hundreds digit of 1110?
1
What is the hundreds digit of 35751?
7
What is the hundreds digit of 925?
9
What is the units digit of 65419?
9
What is the thousands digit of 1